-2385)). Let c = -453 - y. Calculate the highest common divisor of r and c.
12
Suppose 485*z + 24 = 488*z. Suppose 3*r - 41 = -2*s, -13*s = -z*s - r - 77. What is the highest common divisor of s and 44?
4
Let g = -604 - -608. Let p be (-1060)/159*(-6)/g. What is the greatest common divisor of p and 250?
10
Suppose -2*j = -186 + 174. Let m be (16/j + -1)*(-23 + 26). What is the highest common factor of m and 45?
5
Let p be ((-1096)/959)/(2/(-49)). What is the highest common divisor of 4018 and p?
14
Let f(o) = -155*o - 2008. Let y be f(-13). What is the greatest common factor of 14777 and y?
7
Suppose -a + 20 = 4*g, 0 = 2*g + 8*a - 5*a - 20. Suppose 3*v - 5*h = 251, 0 = 4*v - 3*v - g*h - 86. What is the highest common factor of v and 123?
41
Let p = 4916 + -2496. What is the greatest common factor of 20 and p?
20
Let m = 18 - 9. Let t(l) = -17*l + 28. Let w be t(m). Let c be 6*w/10*(-2)/10. What is the greatest common factor of 5 and c?
5
Let a be ((-6)/10)/(-6 + 2093/350). Let d be 2/7 + 153/(-21). Let z = d + 22. Calculate the greatest common divisor of z and a.
15
Suppose 2*i - 5*i + 858 = 5*f, -572 = -2*i + 5*f. Let w = i - 111. What is the greatest common divisor of w and 25?
25
Let t = -116 + 218. Let l = t + -61. Let n = 55 - l. What is the highest common factor of 84 and n?
14
Let m(d) = 47*d + 192. Let b be m(-7). Let t = b - -249. What is the greatest common factor of 32 and t?
16
Suppose -2*y - 39 = 155. Let s = y + 103. What is the greatest common factor of 30 and s?
6
Suppose v + 3*p - 5 = 0, -v + 13 = -3*p + 20. Let o be ((-510)/90*(1 + 20))/v. What is the greatest common factor of 85 and o?
17
Suppose -82 = -35*f + 163. Calculate the highest common divisor of 27 and f.
1
Suppose 10*u = 14*u - 3*p - 1479, 0 = 3*u - 5*p - 1112. Calculate the highest common factor of u and 72.
9
Suppose 4*q - q = 84. Suppose 6*y - 2*y = 24, 0 = 5*r + 4*y - 1564. What is the greatest common factor of r and q?
28
Let l be 90/27*33*19. What is the highest common divisor of 10 and l?
10
Let q be 264*(-4 + (-65)/(-15)). What is the highest common factor of 737 and q?
11
Let l = -47239 - -72721. What is the greatest common divisor of l and 186?
186
Suppose 8*i + 2*l - 29990 = 3*i, -3*i + 17995 = l. Calculate the greatest common factor of 48 and i.
48
Let v(n) be the first derivative of -9 + 3/2*n**2 + 54*n. Let q be v(-17). Calculate the greatest common factor of 6 and q.
3
Let t be (2 - 0 - 1) + -1. Suppose -10*q - 10 + t = 0. Let v be (-429)/78*(2*q + 0). What is the highest common divisor of 121 and v?
11
Suppose -98*c = 76*c - 174174. Calculate the greatest common factor of c and 858.
143
Suppose -3*j + 264 = j. Let o be 1176/j - (-4)/22. Suppose -5*s + 57 = 2*g, 3*s + 9*g = 10*g + 21. Calculate the greatest common factor of o and s.
9
Let p(t) = -t**3 + 11*t**2 + 6*t. Let f be p(10). Let m = f - 98. Let q = 279 + m. Calculate the greatest common factor of q and 31.
31
Let t(g) = 6*g - 33. Let n be t(4). Let m(a) = 3*a**2 + 7*a - 21. Let i be m(n). Calculate the highest common factor of 212 and i.
53
Let o(f) = 3*f**2 + 10*f + 111. Let l be o(-14). Suppose -4*m + 32 = -5*u, -6*m + 5*m + 1 = -3*u. Calculate the highest common divisor of l and m.
13
Let v(a) = a - 11. Let p be v(13). Let y be (((-2)/(-1))/(-4))/((-1)/p). Let g be (7/(-3) - -1)*(-12)/y. Calculate the greatest common divisor of g and 64.
16
Let n(t) = t**3 + t**2 + 8*t + t**3 - 4 - 6*t**2. Let p be (-7)/(-2) - ((-495)/22)/15. Let b be n(p). What is the highest common factor of b and 23?
23
Let v be (-3)/4 - (-1196175)/820. What is the highest common factor of v and 810?
162
Let r(s) = s**3 + 3*s**2 - 6*s - 6. Let w be r(-3). Let l be ((-210)/(-285))/(-7) + (-1828)/(-38). Calculate the highest common factor of l and w.
12
Let a(n) = 3*n - 17. Let q be a(7). Suppose q*h - 4*o - 1519 = 957, 1860 = 3*h - 4*o. What is the highest common factor of 56 and h?
56
Suppose 6562*d - 2704 = 6560*d. What is the greatest common divisor of 1976 and d?
104
Let l(p) = -16*p + 10. Let n be l(-3). Let y = 57 - n. Let i be (-2 - (-4 - -3))*y*29. Calculate the highest common divisor of i and 145.
29
Let y = 2517 - -4438. Calculate the highest common factor of 65 and y.
65
Let u be 5*(-11 - 8/8)/(15/(-22)). Calculate the greatest common factor of 64 and u.
8
Let y = -563 - -1008. Suppose t = 6*t - y. Suppose -5*k + m = -397, -k - 5*m = -2*m - t. Calculate the highest common divisor of 20 and k.
20
Suppose -4*u + 5 + 35 = 0. Suppose 24*i = 28*i - 80. Calculate the greatest common divisor of i and u.
10
Suppose 0 = q + 4*z - 7*z - 13, -4*z - 32 = -5*q. Suppose q*u + 2*j - 312 = 0, -6*u + 2*j = -11*u + 388. What is the greatest common divisor of 152 and u?
76
Let n(x) be the second derivative of -19*x**5/20 + x**4/6 + 3*x**3/2 + 9*x**2/2 - 60*x - 2. Let l be n(-3). What is the highest common divisor of 57 and l?
57
Let z = 16205 - 15806. What is the greatest common factor of z and 665?
133
Suppose -5*z = -2*i + 11, 0 = 7*i - 9*i - 5*z + 1. Let f be 328/28 + 2/7. Suppose f*q - i*q = 1440. Calculate the highest common divisor of 10 and q.
10
Suppose -8 = -15*k - 8. Suppose -5*a + a - 4 = 0, -d + 4*a + 26 = k. Calculate the greatest common divisor of d and 198.
22
Let q(j) = -2*j**3 + 6*j**2 + 10*j + 71. Let y be q(-4). Calculate the greatest common divisor of 90 and y.
15
Suppose 0 = -11*s + 3*s + 352. Suppose -41*x + s*x - 570 = 0. What is the greatest common factor of x and 76?
38
Let i be 29 + (-26 - -17) + (0 - 2). What is the highest common factor of i and 1002?
6
Let g = -15867 - -17309. Calculate the greatest common divisor of g and 126.
14
Let h be ((-23010)/(-21))/10 + 9/21. What is the highest common divisor of h and 1892?
22
Suppose 0 = -5*i + i + 8. Suppose i*j = -2 + 8. Suppose -164 - 166 = -j*a. What is the highest common factor of 10 and a?
10
Let y = -28603 + 28646. Let h be (8/12)/(4/774). What is the greatest common divisor of h and y?
43
Suppose -347*g + 348*g = 4. Calculate the highest common divisor of 2188 and g.
4
Let a(s) = 74*s - 1704. Let d be a(36). Calculate the greatest common divisor of 300 and d.
60
Let o be (9/126*7)/(1/(-1638)). Let q = o + 1203. What is the highest common factor of 36 and q?
12
Suppose 0 = -46*n + 48976 - 6196. Calculate the greatest common factor of 20 and n.
10
Let u(t) = -t**2 - 5*t + 8. Let j be u(-7). Let l be (-2209)/j + 14/(-84). Calculate the greatest common factor of l and 23.
23
Suppose x = -x + 4*q - 2, -4*x = -q - 31. Suppose 10*n = 1 + 129. Suppose n*r - 7*r = 54. What is the highest common factor of r and x?
9
Let n(l) = 3*l**2 - 40*l - 108. Let a be n(-3). Suppose 35*b - a*b + 1760 = 0. Calculate the highest common divisor of b and 40.
40
Let b be 229 + -212 - 14/(2 - (0 - 0)). Suppose -3*g + 3*o - 18 = 0, 3*o - 16 = g - 0*o. Let p be 5*-2*g/5. What is the highest common factor of b and p?
2
Let a(z) = 1896*z - 1296. Let d be a(1). Let p = -1 - -9. Calculate the greatest common divisor of d and p.
8
Let n = -22 - -25. Let y(v) = 3*v**3 + 7*v**n - 5*v**3 + 5 - 5*v**2 + 2*v. Let r be y(2). What is the highest common factor of 87 and r?
29
Let w = -492 + 497. Suppose -5*a = -3*p + 15 - 464, 4*a - w*p - 354 = 0. Calculate the greatest common factor of a and 7.
7
Let c = 8064 + -8052. Calculate the highest common divisor of 484 and c.
4
Let g(b) = 149*b**3 - 3*b**2 + 5*b - 3. Let u be g(1). Calculate the greatest common factor of 5550 and u.
74
Suppose k = v - 328, -2*v + k - 5*k = -614. What is the highest common factor of 27 and v?
3
Let g be (-306)/(-27) - 1/3. Let u(x) = -8*x + 93. Let s be u(g). What is the greatest common factor of 2 and s?
1
Suppose 0*l + 62 = -4*h + l, -4*l - 88 = 5*h. Let z be 195/((-9)/(-3))*h/(-20). What is the highest common factor of 65 and z?
13
Suppose 0 = -36*g + 35*g + 3*z + 623, z + 613 = g. Calculate the greatest common factor of g and 152.
152
Suppose -3224 = 5*u - 3274. Let x be 6*16/120*u. What is the highest common divisor of x and 12?
4
Let g(d) = -d**3 + d**2 - d - 3. Let b be g(-2). Suppose -5*z - 215 = -3*y, b*y + z = 12*y - 75. Calculate the highest common divisor of y and 20.
20
Let y = 98 + -81. Suppose 2 = y*g + 2. Suppose -2*w + 23 = -0*w - 3*f, 4*f + 20 = g. What is the greatest common divisor of 4 and